{"id":96,"date":"2014-11-25T18:04:33","date_gmt":"2014-11-25T18:04:33","guid":{"rendered":"http:\/\/arca4group.com\/new\/?page_id=96"},"modified":"2015-01-12T19:43:48","modified_gmt":"2015-01-12T19:43:48","slug":"les-equipements-de-distribution-dargent-ou-de-billets","status":"publish","type":"page","link":"https:\/\/arca4group.com\/?page_id=96","title":{"rendered":"Les \u00e9quipements de distribution d\u2019argent ou de billets"},"content":{"rendered":"<div class=\"row-fluid\">\n\t<div class=\"wpb_content_element span4 wpb_text_column\">\n\t\t<div class=\"wpb_wrapper clearfix\">\n\t\t\t\n<p><img loading=\"lazy\" decoding=\"async\" class=\"alignnone wp-image-237 size-full\" src=\"http:\/\/arca4group.com\/wp-content\/uploads\/2014\/11\/airportpay.jpg\" alt=\"\" width=\"250\" height=\"216\" \/><\/p>\n\n\t\t<\/div> \n\t<\/div>  \n\t<div class=\"wpb_content_element span6 wpb_text_column\">\n\t\t<div class=\"wpb_wrapper clearfix\">\n\t\t\t\n<p>Pour les clients exploitant un r\u00e9seau d&#8217;\u00e9quipement qui dispense des pi\u00e8ces de monnaie ou d\u2019autres valeurs tels des cartes ou des bons, ARCA peut vous procurer une vari\u00e9t\u00e9 de services pour le chargement et la gestion de votre mat\u00e9riel et de vos fournitures.<\/p>\n\n\t\t<\/div> \n\t<\/div> <\/div>\n","protected":false},"excerpt":{"rendered":"","protected":false},"author":1,"featured_media":0,"parent":0,"menu_order":0,"comment_status":"closed","ping_status":"open","template":"","meta":{"footnotes":""},"class_list":["post-96","page","type-page","status-publish","hentry"],"_links":{"self":[{"href":"https:\/\/arca4group.com\/index.php?rest_route=\/wp\/v2\/pages\/96"}],"collection":[{"href":"https:\/\/arca4group.com\/index.php?rest_route=\/wp\/v2\/pages"}],"about":[{"href":"https:\/\/arca4group.com\/index.php?rest_route=\/wp\/v2\/types\/page"}],"author":[{"embeddable":true,"href":"https:\/\/arca4group.com\/index.php?rest_route=\/wp\/v2\/users\/1"}],"replies":[{"embeddable":true,"href":"https:\/\/arca4group.com\/index.php?rest_route=%2Fwp%2Fv2%2Fcomments&post=96"}],"version-history":[{"count":7,"href":"https:\/\/arca4group.com\/index.php?rest_route=\/wp\/v2\/pages\/96\/revisions"}],"predecessor-version":[{"id":474,"href":"https:\/\/arca4group.com\/index.php?rest_route=\/wp\/v2\/pages\/96\/revisions\/474"}],"wp:attachment":[{"href":"https:\/\/arca4group.com\/index.php?rest_route=%2Fwp%2Fv2%2Fmedia&parent=96"}],"curies":[{"name":"wp","href":"https:\/\/api.w.org\/{rel}","templated":true}]}}