{"id":94,"date":"2014-11-25T18:04:17","date_gmt":"2014-11-25T18:04:17","guid":{"rendered":"http:\/\/arca4group.com\/new\/?page_id=94"},"modified":"2015-01-12T19:45:27","modified_gmt":"2015-01-12T19:45:27","slug":"les-equipements-et-les-services-de-stockage","status":"publish","type":"page","link":"http:\/\/arca4group.com\/?page_id=94","title":{"rendered":"Les \u00e9quipements et les services de stockage"},"content":{"rendered":"<div class=\"row-fluid\">\n\t<div class=\"wpb_content_element span8 wpb_text_column\">\n\t\t<div class=\"wpb_wrapper clearfix\">\n\t\t\t\n<p>ARCA experte dans l&#8217;entreposage s\u00e9curitaire des biens de valeur \u00e9lev\u00e9e, vous offre des installations compl\u00e8tes et s\u00e9curis\u00e9es pour des entreposages \u00e0 court ou \u00e0 long terme. Nous utilisons des vo\u00fbtes de stockage segment\u00e9 et nos infrastructures de s\u00e9curit\u00e9 comprennent 24 heures par jour et 7 jours sur 7, des cam\u00e9ras de surveillance, des d\u00e9tecteurs de mouvement, des contr\u00f4les d&#8217;acc\u00e8s, des zones d&#8217;acc\u00e8s restreint, et plus encore.<\/p>\n\n\t\t<\/div> \n\t<\/div>  \n\t<div class=\"wpb_content_element span4 wpb_text_column\">\n\t\t<div class=\"wpb_wrapper clearfix\">\n\t\t\t\n<p><img loading=\"lazy\" decoding=\"async\" class=\"alignnone wp-image-279 size-full\" src=\"http:\/\/arca4group.com\/wp-content\/uploads\/2014\/11\/pallet2.jpg\" alt=\"\" width=\"250\" height=\"216\" \/><\/p>\n\n\t\t<\/div> \n\t<\/div> <\/div>\n","protected":false},"excerpt":{"rendered":"","protected":false},"author":1,"featured_media":0,"parent":0,"menu_order":0,"comment_status":"closed","ping_status":"open","template":"","meta":{"footnotes":""},"class_list":["post-94","page","type-page","status-publish","hentry"],"_links":{"self":[{"href":"http:\/\/arca4group.com\/index.php?rest_route=\/wp\/v2\/pages\/94"}],"collection":[{"href":"http:\/\/arca4group.com\/index.php?rest_route=\/wp\/v2\/pages"}],"about":[{"href":"http:\/\/arca4group.com\/index.php?rest_route=\/wp\/v2\/types\/page"}],"author":[{"embeddable":true,"href":"http:\/\/arca4group.com\/index.php?rest_route=\/wp\/v2\/users\/1"}],"replies":[{"embeddable":true,"href":"http:\/\/arca4group.com\/index.php?rest_route=%2Fwp%2Fv2%2Fcomments&post=94"}],"version-history":[{"count":6,"href":"http:\/\/arca4group.com\/index.php?rest_route=\/wp\/v2\/pages\/94\/revisions"}],"predecessor-version":[{"id":475,"href":"http:\/\/arca4group.com\/index.php?rest_route=\/wp\/v2\/pages\/94\/revisions\/475"}],"wp:attachment":[{"href":"http:\/\/arca4group.com\/index.php?rest_route=%2Fwp%2Fv2%2Fmedia&parent=94"}],"curies":[{"name":"wp","href":"https:\/\/api.w.org\/{rel}","templated":true}]}}