{"id":74,"date":"2014-11-25T17:57:08","date_gmt":"2014-11-25T17:57:08","guid":{"rendered":"http:\/\/arca4group.com\/new\/?page_id=74"},"modified":"2015-01-12T19:41:20","modified_gmt":"2015-01-12T19:41:20","slug":"le-transport-blinde-depots-et-cueillettes","status":"publish","type":"page","link":"http:\/\/arca4group.com\/?page_id=74","title":{"rendered":"Le transport blind\u00e9 : d\u00e9p\u00f4ts et cueillettes"},"content":{"rendered":"<div class=\"row-fluid\">\n\t<div class=\"wpb_content_element span12 wpb_text_column\">\n\t\t<div class=\"wpb_wrapper clearfix\">\n\t\t\t\n<p><img loading=\"lazy\" decoding=\"async\" class=\"alignnone wp-image-425 size-full\" src=\"http:\/\/arca4group.com\/wp-content\/uploads\/2014\/11\/truck22.jpg\" alt=\"\" width=\"950\" height=\"250\" srcset=\"http:\/\/arca4group.com\/wp-content\/uploads\/2014\/11\/truck22.jpg 950w, http:\/\/arca4group.com\/wp-content\/uploads\/2014\/11\/truck22-300x79.jpg 300w, http:\/\/arca4group.com\/wp-content\/uploads\/2014\/11\/truck22-640x168.jpg 640w\" sizes=\"(max-width: 950px) 100vw, 950px\" \/><\/p>\n\n\t\t<\/div> \n\t<\/div> <\/div> <div class=\"row-fluid\">\n\t<div class=\"wpb_content_element span8 wpb_text_column\">\n\t\t<div class=\"wpb_wrapper clearfix\">\n\t\t\t\n<p>ARCA fournit des services et des op\u00e9rations de transport blind\u00e9 complets qui incluent des cueillettes et des d\u00e9p\u00f4ts s\u00fbrs et efficaces, le management de la tr\u00e9sorerie (billets et monnaie), et des services de gestion. Nos installations vous garantissent la meilleure protection pour vos colis de valeur. Tous les v\u00e9hicules ARCA sont \u00e9quip\u00e9s pour mieux g\u00e9rer le transport s\u00e9curitaire du num\u00e9raire et de vos objets de valeur. Les membres du personnel d\u2019ARCA sont des professionnels form\u00e9s selon des normes de s\u00e9curit\u00e9 reconnues afin de travailler efficacement et vous offrir un service rapide.<\/p>\n<p>Avec ses services de transport blind\u00e9 qui incluent les d\u00e9p\u00f4ts et diff\u00e9rents services, tels\u00a0: les r\u00e9arrangements de commande, les approvisionnements d&#8217;urgence en esp\u00e8ces, ceux aux guichets automatiques, les transports sp\u00e9ciaux, et bien plus encore, ARCA produit des r\u00e9sultats fiables et s\u00e9curis\u00e9s.<\/p>\n<p>Nos services de transport blind\u00e9s peuvent \u00eatre int\u00e9gr\u00e9es \u00e0 nos autres prestations pour une solution de gestion de tr\u00e9sorerie globale, qui comprennent le traitement des esp\u00e8ces, des pi\u00e8ces de monnaie et des ch\u00e8ques, le tout combin\u00e9 avec l\u2019utilisation de coffres-forts intelligents. Nous g\u00e9rons les fonds en toute s\u00e9curit\u00e9, du d\u00e9but \u00e0 la fin, afin que vous puissiez vous concentrer sur les autres activit\u00e9s de votre entreprise.<\/p>\n<p>ARCA g\u00e8re le risque de transport de fonds, de sorte que vous pouvez g\u00e9rer votre entreprise sans souci, en r\u00e9duisant le risque de vols et en garantissant la s\u00e9curit\u00e9 de votre personnel.<\/p>\n\n\t\t<\/div> \n\t<\/div>  \n\t<div class=\"wpb_content_element span4 wpb_box_text coloured\">\n\t\t<div class=\"wpb_wrapper\">\n\t\t\t<div class=\"box-content-wrap\">\n<p><strong>ARCA vous propose:<\/strong><\/p>\n<ul>\n<li>Des horaires de gestion de tr\u00e9sorerie et des cueillettes selon vos besoins<\/li>\n<li>Des collectes de num\u00e9raire incluant l\u2019inventaire en billets et en monnaie<\/li>\n<li>Des professionnels arm\u00e9s hautement qualifi\u00e9s ayant une expertise dans les services par <span style=\"text-decoration: line-through;\">de<\/span> v\u00e9hicules blind\u00e9s et de la s\u00e9curit\u00e9 en g\u00e9n\u00e9ral<\/li>\n<li>Tous les agents arm\u00e9s sont orient\u00e9s vers le service \u00e0 la client\u00e8le<\/li>\n<li>La valeur de vos colis est assur\u00e9e<\/li>\n<li>Des services personnalis\u00e9s et bilingues<\/li>\n<li>Des rapports \u00e9lectroniques pour les Distributeurs Automatiques de Billets (DAB)<\/li>\n<li>Des acc\u00e8s imm\u00e9diats \u00e0 votre directeur de compte<\/li>\n<li>Un service rapide, garanti<span style=\"text-decoration: line-through;\">e<\/span>, fiable, efficace et s\u00e9curitaire<\/li>\n<\/ul>\n<\/div>\n\t\t<\/div> \n\t<\/div> <\/div> <div class=\"blank_spacer\" style=\"height:30px;\"><\/div>\n\n","protected":false},"excerpt":{"rendered":"","protected":false},"author":1,"featured_media":0,"parent":0,"menu_order":0,"comment_status":"closed","ping_status":"open","template":"","meta":{"footnotes":""},"class_list":["post-74","page","type-page","status-publish","hentry"],"_links":{"self":[{"href":"http:\/\/arca4group.com\/index.php?rest_route=\/wp\/v2\/pages\/74"}],"collection":[{"href":"http:\/\/arca4group.com\/index.php?rest_route=\/wp\/v2\/pages"}],"about":[{"href":"http:\/\/arca4group.com\/index.php?rest_route=\/wp\/v2\/types\/page"}],"author":[{"embeddable":true,"href":"http:\/\/arca4group.com\/index.php?rest_route=\/wp\/v2\/users\/1"}],"replies":[{"embeddable":true,"href":"http:\/\/arca4group.com\/index.php?rest_route=%2Fwp%2Fv2%2Fcomments&post=74"}],"version-history":[{"count":13,"href":"http:\/\/arca4group.com\/index.php?rest_route=\/wp\/v2\/pages\/74\/revisions"}],"predecessor-version":[{"id":471,"href":"http:\/\/arca4group.com\/index.php?rest_route=\/wp\/v2\/pages\/74\/revisions\/471"}],"wp:attachment":[{"href":"http:\/\/arca4group.com\/index.php?rest_route=%2Fwp%2Fv2%2Fmedia&parent=74"}],"curies":[{"name":"wp","href":"https:\/\/api.w.org\/{rel}","templated":true}]}}